d - 3*b, -3*d + 4*d = b + f. What are the prime factors of d?
2, 5
Suppose -2 = 65*h - 64*h, 106942 = 3*d + 4*h. What are the prime factors of d?
2, 5, 23, 31
Let m be -1*((-1 - 3) + 3). Suppose 5*u + 16 = 5*b + m, b = -4*u + 3. Suppose q + u*q - 90 = 0. What are the prime factors of q?
2, 3, 5
Suppose 4*k - 3*w - 5 - 1 = 0, w + 2 = -3*k. Let d = 1427 + -1392. Suppose k*v - d = -7*v. What are the prime factors of v?
5
Let z(q) = 29*q**2 - 15*q - 48. What are the prime factors of z(25)?
2, 53, 167
Suppose 2*g + 0*o - 70 = -3*o, -2*g = -3*o - 58. Let j = 266 - g. List the prime factors of j.
2, 3, 13
Suppose -q = 3*o - 4, -2*o - o = 0. Suppose 7*n - 7898 = -q*n. What are the prime factors of n?
2, 359
Let u = 219 - -2. What are the prime factors of u + 35/(-8 - -1)?
2, 3
Let c(u) = -3*u + 36. Let r be c(12). Suppose -24*x - 4802 + 13826 = r. What are the prime factors of x?
2, 47
Let q = -156 + 158. Suppose -q*i + 160 + 674 = 0. List the prime factors of i.
3, 139
Suppose -6*x - 4888 = -12880. Suppose 0 = 24*u - 27*u - 3*m + x, 4*u - 1792 = 4*m. What are the prime factors of u?
2, 223
Let p(o) = 23*o**2 - 30 + 3*o - 21*o**2 + 5*o**3 - 6*o**3. What are the prime factors of p(-10)?
2, 3, 5, 19
Let l = -3850 + 5794. What are the prime factors of l?
2, 3
List the prime factors of (-78)/(-6) + -4 - -6946.
5, 13, 107
Suppose -216*l + 12811608 = -54*l. List the prime factors of l.
2, 17, 1163
Let v(x) be the third derivative of x**4/6 + 19*x**3/3 + 17*x**2. Let b be v(-10). What are the prime factors of 1 + 512/6 + b/6?
2, 43
Let n = 360 - 349. Let m(l) = 2*l**2 + l + 155. What are the prime factors of m(n)?
2, 3, 17
Let g(u) = -8*u**3 - 6*u**2 - 32*u - 2. Let v(y) = -y**3 - 3*y - 1. Let w(q) = g(q) - 5*v(q). List the prime factors of w(-8).
1291
Let d(o) = 581*o + 325. List the prime factors of d(12).
7297
Let r = 381 + -382. List the prime factors of 316 + r - (0 + 0).
3, 5, 7
Suppose -6*x + s + 4474 = -3319, 2*s = -4*x + 5182. What are the prime factors of x?
2, 11, 59
Suppose 2*o + o + n = 29, 49 = 5*o + n. Let u be -1 + -371 - (-20)/o. List the prime factors of (u/15)/((-4)/6).
37
Suppose 4203*s - 4198*s = 89945. List the prime factors of s.
17989
Let t(c) = -48*c + 1254. What are the prime factors of t(-5)?
2, 3, 83
Suppose 10*w - 1192 - 18 = 0. Let f(g) = g**3 - 6*g**2 - 11. Let p be f(8). Suppose p*m = w*m - 400. List the prime factors of m.
2, 5
Suppose 0 = -5*h + 2*k - 68, -4*h + 3*k = -k + 64. Let q = 291 + h. List the prime factors of q.
3, 31
Suppose -6273*v = -6290*v + 270657. What are the prime factors of v?
3, 29, 61
Let p be ((-15)/4)/(18/(-24)). Suppose -10*q + 15*q = -p*j + 110, 4*q = 4*j - 48. What are the prime factors of j?
17
Suppose 10*h + 12*h = 220. Suppose -1910 - 5220 = -h*i. What are the prime factors of i?
23, 31
List the prime factors of ((-18)/(-27))/(26/388479).
7, 1423
Suppose -30519*l + 30503*l + 349488 = 0. List the prime factors of l.
3, 809
Let r(d) = d**2 + 29*d - 283. List the prime factors of r(81).
8627
Let i(o) = 3*o**2 + 10*o - 32. Let k be i(3). Suppose -640 - 1110 = -k*u. What are the prime factors of u?
2, 5, 7
Suppose 0 = -2*f + 2*z + 6, -f - 9 = -4*f - 3*z. List the prime factors of 431 + ((-7)/((-7)/f) - 3).
431
List the prime factors of (-9384)/69*((-27)/2 - 0).
2, 3, 17
Suppose -6 = -6*j - 0*j. Let b be (1*-1 - j) + -33 + 38. Suppose b*i - 440 = -4*t, -i = -3*i + t + 297. What are the prime factors of i?
2, 37
Let h be -4 + 3 - ((-6 - -4) + 220). Let n = -143 - h. Suppose -4*q + n = -280. What are the prime factors of q?
89
Suppose 35*x - 33*x = 6. Suppose 4*z - z + s - 401 = 0, -x*s - 12 = 0. Let m = 193 - z. What are the prime factors of m?
2, 29
Suppose -5*m + 3*v + 3565 = 0, v = 2*m - 2*v - 1417. Suppose 3*g = 2*f - 621 - m, 0 = -2*f - 2*g + 1332. List the prime factors of f.
23, 29
Suppose -15418 = -4*k - 3*l, 0 = -2*k - 10*l + 2553 + 5207. What are the prime factors of k?
2, 5, 7, 11
Let z be 1/4 + 92/128*8. List the prime factors of 290 - 2/((-1)/((-9)/z)).
7, 41
Let u = -20749 + 30082. List the prime factors of u.
3, 17, 61
Suppose q = -5*g + 7012, 0 = 5*g - 6*g + 4*q + 1415. Let d = -910 - -915. Suppose 4*h + 298 = -d*u + g, h = -5. List the prime factors of u.
3, 5
Let c = 398 - 956. Let k = c + 951. What are the prime factors of k?
3, 131
Suppose 0*p = 4*p + 3*l + 416, -2*l = 4*p + 420. Let f = p - -136. What are the prime factors of 3857/f - 1*2?
131
Let u(k) = k**3 - 21*k**2 - 14*k - 31. Let n be u(26). List the prime factors of n/18 + 1/6.
2, 83
What are the prime factors of (-8)/(-14) + ((-5)/(-35)*180449 - -6)?
3, 5, 191
Suppose -3*u + 11471 = 4*k, -5*k + 201*u - 203*u = -14330. What are the prime factors of k?
2, 179
Suppose -62*p + 54*p - 32 = 0. Let b(d) = 9*d + 0 - 1 - 4*d - d**3 - d**2. What are the prime factors of b(p)?
3
Let k(j) = 7*j - 3. Let p be k(-5). Let f = -152 - -74. Let c = p - f. List the prime factors of c.
2, 5
Suppose v - 5*v - 8 = 0, v + 1430 = -4*o. Let x = -3043 - -3567. Let p = o + x. What are the prime factors of p?
167
Let w(p) = -29*p - 43. Let i be w(-12). Suppose 0 = -7*h + 2166 + i. What are the prime factors of h?
353
Let k be 6 - (-1 - (-1)/(-1)). Let s(u) = 4*u**2 - 2*u**3 - k - 13*u**2 + 3*u**3 - 9*u + 21*u. List the prime factors of s(9).
2, 5
Let u be (72/(-27))/((-1)/(-15)). List the prime factors of 426 - (1 - 11)*u/100.
2, 211
Let f(u) = -6*u + u - 4*u + 12*u - 2*u + 10. Let z(o) = -3*o**2 + o - 1. Let l be z(1). List the prime factors of f(l).
7
Let i(b) = 187 - 4*b**2 + 174 + 3*b**2. List the prime factors of i(0).
19
Let w be (21 + -22)*(1 + -1270). List the prime factors of w + (-2)/(-2) + 4 + -3.
31, 41
Suppose -31 = -4*g - 5*f - 4, 2*g + 3 = 3*f. Suppose 4*i = g*i + 90. Suppose 4*w = -4, -5*o = 2*w - i - 8. What are the prime factors of o?
2, 5
Let o(h) = 5*h**2 - 6*h - 32. Suppose 6*d + 91 = 19*d. What are the prime factors of o(d)?
3, 19
Let u = 33688 + -17508. What are the prime factors of u?
2, 5, 809
Let b(p) = -10*p**2 - 5*p + 1. Let s be b(-3). Let x = 111 - s. Let l = -104 + x. What are the prime factors of l?
3
Let j(s) = -29*s + 87. Let p be j(3). Suppose -4*i - k + 1934 = p, 0 = 4*i + 15*k - 10*k - 1926. What are the prime factors of i?
2, 11
Let g(n) = -14*n**3 - 2*n**2 + 17*n + 10. Let u be g(-4). Let t = u + -118. List the prime factors of t.
2, 43
Suppose 2*o + 5*d = 6*d + 8, 12 = 3*o + 4*d. Suppose 0 = o*z - 9*z + 4*c + 871, 0 = -2*z + 3*c + 354. What are the prime factors of z?
3, 19
Let n(r) = r**2 - 4*r - 3. Let u be n(4). List the prime factors of 650/((9 - 5) + u).
2, 5, 13
Suppose 0 = -2*x - d - 1186, 5*x - d = d - 2974. What are the prime factors of (x/(-110))/(1/25)?
3, 5
Let s be 3 + 8 + 1029 + -3. Suppose -2766 = -19*l - s. List the prime factors of l.
7, 13
Let i be (28/(-12) - 0/4)*-12. Suppose 1556 = 8*w - i. What are the prime factors of w?
2, 3, 11
Let d(a) = -9*a - 14. Let v be d(-9). Suppose -2*y = -19 - v. Let w = 57 - y. What are the prime factors of w?
2, 7
Suppose -o = 15 - 23. Let h(a) = -a**2 + 8*a + 4. Let q be h(o). Suppose 23 - 7 = q*w. List the prime factors of w.
2
Let u = -4729 + 8297. What are the prime factors of u?
2, 223
Let l = 8756 - 4948. Suppose -16*u + 10080 = l. What are the prime factors of u?
2, 7
Let f(p) = 65*p**2 + 22*p + 167. List the prime factors of f(12).
9791
Let h(b) = -b**2 + 37*b + 242. Suppose -51*y = -6*y - 1845. List the prime factors of h(y).
2, 3, 13
What are the prime factors of 9 + 112/(-16) - -24152?
2, 13, 929
Let u(q) = q**2 - 15*q + 30. Let p be u(13). Suppose 2*w + 135 = y - 1, 4*w + 260 = -p*y. Let n = w - -100. List the prime factors of n.
3, 11
List the prime factors of (3*19*1118)/((-8)/(-112)*21).
2, 13, 19, 43
Let k be 0 + 320 + (1 - -2). Suppose -d = 5*c + 91 - 378, 4*c = d - k. Let f = d - 207. What are the prime factors of f?
2, 5
Suppose -17 = y - 3*x, 2*y - 5*x = -12 - 20. What are the prime factors of (y - -7)*-1 - (-406)/1?
2, 5, 41
Let j(y) = 3*y**2 + 38*y - 294. What are the prime factors of j(11)?
487
Let l(v) = -486*v + 93. Let y(m) = 2428*m - 462. Let p(x) = -11*l(x) - 2*y(x). List the prime factors of p(4).
1861
Suppose -2*y - 2*y + 11224 = 3*r, 0 = -4*r + 3*y + 14982. List the prime factors of r.
2, 3, 13
Let w(l) = 2 - 3 + l + 1 - 1. L